 243011?
74
Calculate the remainder when 625316 is divided by 312557.
202
What is the remainder when 190301 is divided by 22?
1
Calculate the remainder when 13184685 is divided by 16.
13
What is the remainder when 3535904 is divided by 186100?
4
What is the remainder when 21192820 is divided by 42?
40
What is the remainder when 1989531416 is divided by 1817?
1815
What is the remainder when 21848 is divided by 945?
113
What is the remainder when 381346 is divided by 42370?
16
What is the remainder when 35753 is divided by 35313?
440
Calculate the remainder when 32969114 is divided by 2890.
2884
Calculate the remainder when 24652630 is divided by 24652615.
15
What is the remainder when 117479 is divided by 39065?
284
What is the remainder when 3257218 is divided by 493?
460
What is the remainder when 91020618 is divided by 47?
42
Calculate the remainder when 42133 is divided by 6368.
3925
What is the remainder when 1287113 is divided by 67?
43
What is the remainder when 13044 is divided by 4201?
441
What is the remainder when 58712 is divided by 7277?
496
Calculate the remainder when 1962644 is divided by 1945.
139
Calculate the remainder when 11512 is divided by 9947.
1565
What is the remainder when 298640 is divided by 548?
528
What is the remainder when 11843978 is divided by 2316?
2270
What is the remainder when 2195101 is divided by 5023?
50
What is the remainder when 1111495 is divided by 22674?
469
What is the remainder when 236516 is divided by 236302?
214
Calculate the remainder when 5835211 is divided by 58.
5
Calculate the remainder when 117917694 is divided by 832.
830
What is the remainder when 832167 is divided by 2462?
11
Calculate the remainder when 992608 is divided by 5143.
9
Calculate the remainder when 68399 is divided by 5282.
5015
What is the remainder when 13631614 is divided by 22?
18
Calculate the remainder when 683364 is divided by 4985.
419
Calculate the remainder when 55227 is divided by 285.
222
What is the remainder when 2768906 is divided by 1060?
186
Calculate the remainder when 2732917 is divided by 1366445.
27
Calculate the remainder when 4189435 is divided by 93089.
430
What is the remainder when 366084 is divided by 52266?
222
Calculate the remainder when 4330098 is divided by 995.
853
What is the remainder when 362749 is divided by 1982?
43
What is the remainder when 6483964 is divided by 524?
512
Calculate the remainder when 93378095 is divided by 7884.
7883
What is the remainder when 21797 is divided by 10293?
1211
What is the remainder when 108268576 is divided by 17?
13
What is the remainder when 1093316 is divided by 31237?
21
What is the remainder when 55426 is divided by 13772?
338
What is the remainder when 81213 is divided by 80980?
233
What is the remainder when 59821583 is divided by 1087665?
8
Calculate the remainder when 5753449 is divided by 21711.
34
What is the remainder when 58522 is divided by 152?
2
Calculate the remainder when 894372 is divided by 3.
0
Calculate the remainder when 142738629 is divided by 174.
165
What is the remainder when 299582 is divided by 223?
93
What is the remainder when 10492513 is divided by 106?
103
Calculate the remainder when 3637525 is divided by 3637519.
6
Calculate the remainder when 40173 is divided by 4788.
1869
Calculate the remainder when 1701844 is divided by 2397.
2371
What is the remainder when 115178959 is divided by 130?
129
Calculate the remainder when 226287 is divided by 813.
273
What is the remainder when 54826112 is divided by 7316?
8
Calculate the remainder when 23006916 is divided by 8.
4
What is the remainder when 1103456 is divided by 329?
319
What is the remainder when 272389151 is divided by 79?
74
Calculate the remainder when 1456161 is divided by 242677.
99
Calculate the remainder when 119156 is divided by 29789.
0
What is the remainder when 52641 is divided by 8713?
363
What is the remainder when 27416058 is divided by 17?
5
Calculate the remainder when 499237 is divided by 84.
25
Calculate the remainder when 2885198 is divided by 2885195.
3
What is the remainder when 1331726 is divided by 2986?
2956
Calculate the remainder when 841850 is divided by 841483.
367
What is the remainder when 44541659 is divided by 1292?
1251
Calculate the remainder when 16569 is divided by 1368.
153
What is the remainder when 10431403 is divided by 466?
459
Calculate the remainder when 5821023 is divided by 1243.
54
What is the remainder when 28333571 is divided by 8670?
11
Calculate the remainder when 981811 is divided by 28.
19
What is the remainder when 11149457 is divided by 868?
865
What is the remainder when 3407905 is divided by 13?
7
Calculate the remainder when 44471977 is divided by 1085.
1082
What is the remainder when 13771415 is divided by 51?
38
Calculate the remainder when 386620 is divided by 488.
124
Calculate the remainder when 445886 is divided by 44581.
76
What is the remainder when 1815 is divided by 108?
87
Calculate the remainder when 184512 is divided by 61497.
21
What is the remainder when 235815 is divided by 193?
162
What is the remainder when 36436 is divided by 8318?
3164
What is the remainder when 185414 is divided by 88807?
7800
What is the remainder when 150150 is divided by 3753?
30
What is the remainder when 309225 is divided by 51516?
129
Calculate the remainder when 1298931 is divided by 28861.
186
Calculate the remainder when 1153241 is divided by 576610.
21
Calculate the remainder when 148607 is divided by 3078.
863
Calculate the remainder when 214094528 is divided by 10.
8
What is the remainder when 206668 is divided by 1319?
904
What is the remainder when 355519 is divided by 1753?
1413
What is the remainder when 17494431 is divided by 119?
3
What is the remainder when 41620 is divided by 2434?
242
What is the remainder when 16794741 is divided by 1291903?
2
What is the remainder when 4091817 is divided by 51795?
12
What is the remainder when 3795139 is divided by 7530?
19
Calculate the remainder when 9446123 is divided by 2562.
29
What is the remainder when 80785 is divided by 5335?
760
Calculate the remainder when 331917 is divided by 13267.
242
What is the remainder when 880453 is divided by 8986?
8811
What is the remainder when 505614 is divided by 2855?
279
Calculate the remainder when 463198 is divided by 2077.
27
Calculate the remainder when 1918452 is divided by 15.
12
Calculate the remainder when 185683 is divided by 368.
211
Calculate the remainder when 7284943 is divided by 1456986.
13
Calculate the remainder when 1744742 is divided by 162.
2
What is the remainder when 422029 is divided by 2934?
2467
What is the remainder when 1866215 is divided by 5141?
32
What is the remainder when 50859138 is divided by 176?
66
Calculate the remainder when 8166598 is divided by 297.
286
Calculate the remainder when 7615916 is divided by 78514.
58
What is the remainder when 958372 is divided by 329?
324
Calculate the remainder when 10701273 is divided by 489.
486
Calculate the remainder when 507884777 is divided by 2253.
2252
What is the remainder when 562229 is divided by 489?
368
What is the remainder when 124620389 is divided by 8454?
8429
Calculate the remainder when 164539425 is divided by 1293.
3
Calculate the remainder when 12000 is divided by 676.
508
What is the remainder when 44141775 is divided by 125?
25
What is the remainder when 1219819 is divided by 172?
167
Calculate the remainder when 73846228 is divided by 8.
4
Calculate the remainder when 806140 is divided by 338.
10
Calculate the remainder when 1939169 is divided by 644784.
4817
What is the remainder when 302537 is divided by 396?
389
Calculate the remainder when 258982 is divided by 4275.
2482
Calculate the remainder when 7372795 is divided by 102.
31
What is the remainder when 61151 is divided by 773?
84
Calculate the remainder when 96582 is divided by 4543.
1179
What is the remainder when 2363125 is divided by 45?
40
What is the remainder when 920096 is divided by 1700?
396
Calculate the remainder when 72183 is divided by 694.
7
Calculate the remainder when 25352596 is divided by 318.
46
What is the remainder when 3932010 is divided by 761?
684
What is the remainder when 445045 is divided by 3134?
17
Calculate the remainder when 733133 is divi